h) = h + 3. Calculate n(i).
5
Let y(x) be the first derivative of -x**2/2 + 12*x - 457. What is y(7)?
5
Let d be -13 + 9 - (-1 + -3). Let u(n) = -n**3 - 2*n**2 - n + 12. Determine u(d).
12
Suppose -v - 4*v - 20 = 0. Let r(k) = 5*k**2 - 7*k + 8. Let q(u) = 11*u**2 - 14*u + 16. Let s(g) = v*q(g) + 9*r(g). Let h = 1196 - 1190. What is s(h)?
2
Let y(c) = 14 + 15 + c - 18. What is y(-6)?
5
Suppose 4*v + 4*l = 3*l - 25, 0 = 4*l + 20. Let b(q) = 6*q + 4. Let j(s) = 13*s + 8. Let u(g) = -9*b(g) + 4*j(g). Give u(v).
6
Let k(o) be the first derivative of o**4/12 - 5*o**3/3 - 4*o**2 - 33*o + 4. Let b(l) be the first derivative of k(l). Calculate b(10).
-8
Let i = 38 + -7. Let a = -34 + i. Let k(x) = x**3 + 4*x**2 - 4. Calculate k(a).
5
Let p(f) = -7*f**2 - 3*f - 20. Let r(h) = 15*h**2 + 5*h + 45. Let s(x) = 13*p(x) + 6*r(x). Suppose 4*w = q - 45, 0 = 2*w + 2*q - 4 + 14. What is s(w)?
0
Let g(q) = 3 - 3 + 1 - 2*q. Let t(w) = w - 1. Let x = -37 + 35. Let n(h) = x*g(h) - 3*t(h). What is n(-1)?
0
Let l = -139 - -148. Let n(h) = -2*h + 33. Determine n(l).
15
Let j(p) = -p**3 - 4*p**2 + 4. Suppose -163 = 5*a - 148. Determine j(a).
-5
Let q(u) = -u**3 + 4*u**2 + u - 2. Let r = -15 - -21. Suppose 21 = r*j - 3. Calculate q(j).
2
Let y(v) = -v**2 - 2*v - 3. Let l = 2 + -2. Suppose 5*m = 6*i - 3*i - 24, l = -m + 3*i - 12. What is y(m)?
-6
Let j(t) = t**2 - 9*t + 9. Let r(y) = y**3 - 5*y**2 + 5*y - 5. Let a be r(4). Let h = a + 5. Suppose 0 = -3*w - d + h*d + 27, 4*d = -4*w + 20. Calculate j(w).
-5
Let m(s) = s**3 + 52 + 0*s + 7*s + 24 - 81 + 7*s**2. Let l(w) = -w**3 + 8*w**2 - 8*w + 1. Let u be l(7). What is m(u)?
-11
Let i(f) = -80*f**2 - 2 + 170*f**2 - 7*f**3 - f - 88*f**2. Give i(-2).
64
Let j(l) = -l - 6. Let o(m) = m + 1. Let s(c) = j(c) + 2*o(c). Let w = -27 - -27. Let y(q) = -q**3 + q**2 + q + 4. Let v be y(w). What is s(v)?
0
Let a(f) be the second derivative of -5*f**4/12 - f**3/3 - 2*f**2 + 15*f. Let v(l) = 11*l**2 + 4*l + 8. Let q(x) = 13*a(x) + 6*v(x). Determine q(5).
11
Let w(l) = l**3 - l**2 - 4*l - 1. Let h(y) be the first derivative of -y**3/3 + 7*y**2/2 + 9*y + 3. Let r be h(10). Let x be 6/r + (-92)/(-28). What is w(x)?
5
Let n(a) = a**3 - 596*a - 7*a**2 + 1197*a - 594*a. Give n(5).
-15
Let a(g) = -g**2 + 15*g - 16. Let b be a(13). Let i(t) = t - 12. Give i(b).
-2
Let g(l) = -l**2 - 4*l. Let k(h) = -2*h**2 + 10*h + 12. Let z be k(6). Suppose z*w = -6*w - 36. Give g(w).
-12
Suppose 597 = -7*s + 590. Let m(r) = 7*r**2 - r - 1. What is m(s)?
7
Let b be 2/4*0/5. Let g(r) = -5*r**2 + r + 7. Let k(a) = 22*a**2 - 4*a - 28. Let f(l) = 9*g(l) + 2*k(l). Give f(b).
7
Suppose 0 = -2*j - u + 75, 3*u = -2*j + 9 + 56. Suppose -j - 4 = -3*p - o, -2*p + 12 = 5*o. Let r(a) = -1 - p*a + 25*a - 15*a. Calculate r(1).
-7
Let i(v) = 17 + 10 - 5*v + 4*v - v - v. What is i(7)?
6
Let c(i) = 2*i**2 - 7*i - 5. Let u(k) = 2*k**2 - 8*k - 6. Let m = 21 - 26. Let s(w) = m*u(w) + 6*c(w). Give s(2).
4
Let z(s) = -s - 4. Let r be z(0). Let x(a) = -3*a**2 + 2*a**2 - 536 + 533 - 6*a. Determine x(r).
5
Let y be 1740/(-252) - -7 - (-12)/21. Let i(m) be the second derivative of -y*m**4 - 2*m**2 - 8*m + 4/3*m**3 - 1/20*m**5 + 0. Determine i(-9).
5
Suppose 3*s + 3*z = 6*s + 33, -3*s = z + 21. Let q(c) = c**2 + 9*c + 8. Determine q(s).
0
Let h(w) = 3*w + w - w**2 + 7 + 2. Let p be -6*8/(-6)*(2 + -19). Let q be -10 + p/(-8) + 1 + -1. What is h(q)?
-12
Let n(u) = -u**3 - 13*u**2 + 244. Let k be n(-11). Let f(d) = d**2 - 3 + 3*d + 0*d**2 - d. Give f(k).
5
Let a(n) = n**3 + n**2 - 4*n + 2. Let q be a(2). Let o(k) = -k**2 + 9*k + 1. Let y(h) = -3*h**2 + 27*h + 2. Let l(b) = q*y(b) - 17*o(b). What is l(9)?
-5
Let x(w) = w**3 + w**2 - 2*w - 2. Let n = -2 + 1. Let p be 1*n + (-98 - -3). Let m be (-2)/(-11) - p/(-44). Give x(m).
-2
Suppose -20 - 22 = -3*c. Suppose 0 = 2*a + 2*a + 2*h - c, a + 13 = 5*h. Let t(o) be the third derivative of -o**4/24 - o**3/3 + 93*o**2. Give t(a).
-4
Let r(s) = 2*s**2 - 7*s - 1. Let y be (-2)/(-2)*8/8. Let k(q) = -q. Let x(a) = y*r(a) - 5*k(a). Determine x(-2).
11
Let a(n) = -n**3 + 7*n**2 - 10*n + 1. Let q be a(5). Let l be 6/(-8)*24/(-9). Let g(t) = -l*t**3 - t + 3*t**3 - 6*t**3 - 2*t**3 + t**2. Give g(q).
-7
Let l(g) = -g**2 - 6*g + 46. Let p be l(-10). Let u(h) = h**2 - 5*h - 1. Determine u(p).
5
Let z be 2 + ((-3)/(-4) - (-44)/176). Let n(x) be the third derivative of 0 + 5/24*x**4 - 2*x**2 + 2/3*x**z + 0*x - 1/12*x**5 + 1/120*x**6. Calculate n(4).
8
Let c(v) = 6*v**2 + 9*v + 2. Let r be c(-1). Let d(h) = 3*h**2 - 1. Give d(r).
2
Let y(c) = c**3 + c - 10. Suppose 0 = -2*j + j - 9*j. Determine y(j).
-10
Let y(h) = 2*h. Let p = 8 + -4. Suppose -2*t - 6 = 3*t - 3*l, p*l + 24 = -4*t. Determine y(t).
-6
Let c be 4 + (-357)/90 - 54/(-180). Let a(s) be the second derivative of -3/2*s**2 + c*s**3 + 6*s + 0 + 1/12*s**4. Determine a(-4).
5
Let v(r) be the second derivative of r**3/3 - 5*r**2/2 - 188*r. Determine v(-8).
-21
Let w be (-4)/1*49/(-7). Let b = -25 + w. Let m(o) be the third derivative of o**4/24 - o**3/3 + 2*o**2. What is m(b)?
1
Let a be (-66)/(-12) - (-1)/(-2). Let q be 13 - 0 - (8 - a). Suppose 4*g + q = 2*f, 2*g - 4*f = 7*g + 32. Let v(b) = b**2 + 3*b + 6. Calculate v(g).
10
Suppose 4*c - 3*c - 10 = -2*i, 0 = c - 5*i + 4. Suppose q - c*q = -10. Let t(j) = j**2 + 2 - j - 2*j**q + 2*j**2. Give t(3).
8
Let x(q) = 5*q**3 + q + 1. Let c be x(-1). Let u(b) = -b**2 - 6*b. What is u(c)?
5
Let h(w) = w**3 - 6*w**2 - 5*w - 10. Let j be h(7). Let n be 3/j + (-366)/(-24). Suppose -v = 3*v - n. Let c(b) = -b + 3. Determine c(v).
-1
Let u(j) = -j**2 - 11*j + 7. Let y be u(-11). Let c(z) = 3 + 13*z**2 - 4 - y*z - 14*z**2. Determine c(-5).
9
Let p(z) = -2*z**2 + z + 2. Let h(j) = 2*j**2 - j - 1. Let l(f) = 5*h(f) + 3*p(f). Let t(v) = v + 3. Let k be t(-5). Let n = 3 + k. What is l(n)?
3
Let q(f) = -f**3 - 3*f**2 + 4*f. Let a(c) = c**2 - 8*c + 3. Let y = 14 - 23. Let v be (-10 - y)/((-2)/14). Let d be a(v). Calculate q(d).
0
Let d(o) be the third derivative of -o**5/60 + 5*o**3/6 - o**2 - 67*o. Give d(-5).
-20
Suppose -157*d + 153*d - 12 = 0. Let j(b) = -b**2 - 3. Determine j(d).
-12
Let l(b) = 58*b**2 + 54*b**2 - 117*b**2 + 11 + b**3 - 7*b. What is l(6)?
5
Let g(o) = 2*o**2 + 23*o - o**3 - 24*o + 7 - 9*o**2. Calculate g(-7).
14
Let r(w) = -3*w**2 - 4*w + 26. Let h be ((-3 + 2)/(-4))/(1/(-4)). Let b(u) = u**2 + u - 1. Let q(y) = h*r(y) - 4*b(y). Calculate q(0).
-22
Let g(k) = k**3 - 8*k**2 + 7*k - 6. Let q(r) = -3*r - 8. Let m be 15 + 3 + 1 + -4. Let d = 10 - m. Let v be q(d). Give g(v).
-6
Let w(b) = b + 26. Let t be (-3)/2*8/(-6). Suppose 2 = -3*d + t*p, -3*p + 7 - 4 = -d. Determine w(d).
26
Let x(m) = -m. Suppose 0 = -4*l - 0*l + 12, 0 = 4*n + 2*l - 30. Determine x(n).
-6
Let n = -63 - -63. Suppose 5*p + 49 = 4*d, -p + 2*p + 5 = n. Let w(m) = m. Determine w(d).
6
Let n(h) = -3*h**3 - 4*h**2 - 5*h - 4. Let i(a) = -12*a + a**3 - 13*a + 26*a. Suppose 2*v = 4*q + 10, 3*v - 1 = 2. Let z(p) = q*i(p) - n(p). Determine z(-4).
-8
Suppose 0 = -4*n - i - 0*i + 13, -5*i + 15 = -5*n. Suppose n*a = -b + 5, -5*a - 6 = -16. Let m be 2/(b + 4/(-3)). Let z(p) = -p - 5. Calculate z(m).
1
Let v(r) = 3*r**2 + 4*r - 4. Let f(n) = n**2 + n. Let q(z) = 2*f(z) - v(z). Suppose 3*a = 11 + 13. Let m be 28/(-9) + a/72. Determine q(m).
1
Let w(q) = -q**2 + q - 2. Let d(z) = -z**3 + 8*z**2 - 4*z + 6. Let h(f) = -d(f) - 5*w(f). Give h(4).
16
Let g be 3/(-6)*(1 + -1). Let v be 3*((-112)/(-12))/7. Let x(o) = 7 + 3*o - 4*o + v - 13. Give x(g).
-2
Let p(j) = 3*j - 2*j - 2119*j**2 + 2120*j**2. Give p(-2).
2
Let z(l) be the first derivative of -1/4*l**4 + 7/3*l**3 + 14 - 6*l + l**2. Determine z(7).
8
Let v(t) = -t**2 + 11. Suppose 37*u - 33*u = 0. Give v(u).
11
Let t(s) = -4. Let w(z) = -z + 12. Let n(o) = -12*t(o) - 4*w(o). Let v be 4 + -4 - (1 + -8). Suppose 3*d + 4*j - 23 = 0, 3*d = 3*j - j - v. Calculate n(d).
4
Let k(h) = 23*h - 333. Let c be k(14). Let r(x) = -3*x + 13. What is r(c)?
46
Let j(o) = -o**3 + 5*o**2 + 17*o - 23. Let n be j(7). Let w(g) = -g**3 - 2*g**2 - 3*g - 2. Calculate w(n).
4
Let d be (-7)/(7/(-3))*1. Let x(h) = 3 + d*h - 3*h - 2*h - h. What is x(-4)?
15
Let w(t) = -t**3 - 4*t**2 + 6*t + 1. Suppose 0 = 2*a - 3*h - 8, -3*h = -4*a + h + 16. Suppose -a*d + 14 - 34 = 0. Calculate w(d)